Suppose k - 99 = -3*k - n, 2*n + 27 = k. List the prime factors of k.
5
Suppose -w + 17 = -51. What are the prime factors of w?
2, 17
Let y(m) = 4*m - 5. Let j be y(6). Suppose 0 = 2*b - j - 19. Suppose -b = -2*u + 1. What are the prime factors of u?
2, 5
Suppose 9 = 4*i - 3. Suppose -i*k + 4*b + 14 = -41, -2*b - 19 = -k. List the prime factors of k.
17
Let f = 0 + 4. Let g(q) = 2*q**3 - 6*q**2 + 4*q - 6. List the prime factors of g(f).
2, 3, 7
Let w(j) = -14*j + 1. Suppose -5*d = -0*d + o + 8, -2*o - 11 = 5*d. What are the prime factors of w(d)?
3, 5
Suppose q + 4*t = -3*q + 1664, -5*q = -t - 2098. List the prime factors of q.
419
Let x be 118/(-6) - 1/3. Let u be ((-32)/x)/((-1)/(-5)). List the prime factors of 6/u*(-32)/(-4).
2, 3
Let x = -53 + 98. Suppose 4*u - x = 3*h, 4*u - 7*h + 2*h = 51. List the prime factors of u.
3
Suppose -3*m = -1 - 20. Let h(p) = p + 9. Let u be h(m). Suppose 3*f + 4 = u. What are the prime factors of f?
2
Let r(n) be the third derivative of -n**5/60 + 31*n**3/6 - 5*n**2. What are the prime factors of r(0)?
31
Let g(p) = -p**2 + p - 20. Let x(w) = -5*w**2 + 5*w - 81. Let i(v) = -9*g(v) + 2*x(v). What are the prime factors of i(0)?
2, 3
Let i(n) = -n + 6. Let s be i(2). Let h = s + -63. Let a = -42 - h. List the prime factors of a.
17
Let z = -14 + 70. What are the prime factors of z?
2, 7
Suppose -d + 2*z = 2*d - 13, 2*d + 3*z = 26. Let l be 2/2*d - 2. Suppose n + l*u - 26 = 0, -n + u + 20 = 3*n. What are the prime factors of n?
2, 3
Let p(f) = 2*f + 3. Let b be p(-4). Let l be (-6)/b*(1 - -4). Suppose a = 4*a - l. List the prime factors of a.
2
Let h = 12 - 6. Let c be ((-3)/h)/((-1)/16). Suppose w - 3*w = -c. What are the prime factors of w?
2
Let a be 5 + (-3*2)/3. Suppose -4 = a*r - 5*r. Suppose -3*u + r*q = -6, -5*q = u - 3*q - 2. What are the prime factors of u?
2
Suppose j - 5*j + 76 = 0. What are the prime factors of j?
19
Suppose -1 = 3*l - 4, -l = 5*a - 416. List the prime factors of a.
83
Suppose 0 = 3*r + 2*r - 50. Suppose -i = 4*b - 2 + 1, 2*i + 4*b - r = 0. Suppose -5*f - 38 + 95 = -4*v, 3*v + i = 0. List the prime factors of f.
3
Suppose 9*z = 8*z + 2. List the prime factors of 75/z + 10/20.
2, 19
Let z = -380 - -535. List the prime factors of z.
5, 31
Let t(d) = -2*d**3 + 2*d**2 - 2*d + 2. Let u be t(2). What are the prime factors of 6/5*u/(-4)?
3
Let t be 2/(4/6) + 2. Let h be 0 + -1 + 45 + 2. Suppose h = t*q + 1. What are the prime factors of q?
3
Suppose 3 = i - 1. Suppose -y - 132 = -i*y. Suppose 3*h = -h + y. What are the prime factors of h?
11
Let q = -309 - -527. List the prime factors of q.
2, 109
Suppose 2*n + 1 + 5 = 0. Let z = n + 21. Suppose 4*m - 16 = -4*k, -42 = -4*k - 2*m - z. What are the prime factors of k?
2
Suppose 0 = -3*r - 3*t + 2*t + 261, -2*r + 179 = -t. List the prime factors of r.
2, 11
Suppose -3*z = 3*u + 2*z + 18, 5*u + 70 = 5*z. Let t = 7 + u. What are the prime factors of (-3)/(-2) - 2/t?
2
Let x(n) be the third derivative of 17*n**4/12 - n**3/6 - 3*n**2. What are the prime factors of x(1)?
3, 11
Suppose -c + 4 = -0*c. Suppose -71 = -5*s + c*h, 5*h - 32 = -3*s + 18. What are the prime factors of s?
3, 5
Let f(p) = p**3 - 7*p**2 - 11*p + 8. Let o be f(7). Let y = -41 - o. List the prime factors of y.
2, 7
Suppose -1 = 4*v + 3. Let r be (0 + v/(-1))*3. Suppose 5*q - 32 - r = 0. What are the prime factors of q?
7
Suppose m = -5*v + 22, -3*v + 28 = -2*m + 7. Suppose 0 = 2*o - v + 1. Suppose -f = 3*d + 7, o*f - 6 = -0*f - 2*d. What are the prime factors of f?
2
Let c(t) = -t**3 + 3*t**2 + 4*t + 3. Let b be c(4). Suppose -22 - 2 = -b*j. List the prime factors of j.
2
Suppose 2*w - 127 = 117. What are the prime factors of w?
2, 61
Let y = 5 + -3. Suppose 4*i - 4*k = i + 69, 0 = -2*i - y*k + 60. What are the prime factors of i?
3
Let r(w) be the third derivative of -1/4*w**4 + 5/6*w**3 + 0*w + 1/60*w**5 + 0 - 3*w**2. List the prime factors of r(6).
5
Suppose 2*m + 2*m = 536. What are the prime factors of m?
2, 67
Suppose 0 = -53*b + 49*b + 616. List the prime factors of b.
2, 7, 11
What are the prime factors of ((-9)/(-3) - 2) + 32?
3, 11
Let a(p) = -p**2 - 5*p + 9. Suppose -3*w - 4*o = -1, 0 = -2*w + o - 0 - 14. What are the prime factors of a(w)?
3
Suppose -21 = -2*h - 3*h - y, 2*h = -y + 6. Suppose 16 = 5*f + 2*q, q - 18 = -h*f - 0*q. List the prime factors of f.
2
Let b = 52 - 25. What are the prime factors of b?
3
Let l = -18 + 22. Suppose -f + 125 = l*f. List the prime factors of f.
5
Suppose 0 = w + w - 20. Suppose -25 - w = -5*v. List the prime factors of v.
7
Let n = -84 - -133. Let k(s) = 2*s**2 - 4*s - 3. Let l be k(4). Suppose -4*a - l + n = 0. List the prime factors of a.
3
Let f(y) = 2*y + 1. Let p(u) = -u**2 - 5*u - 2. Let c be p(-2). Suppose -2*r = -r - c. What are the prime factors of f(r)?
3
Suppose 12 = 3*c + 3. Suppose -v = -3*o - c, 5*v - o + 0*o = 15. Suppose s - 2*t = -0*s + 19, -22 = -v*s - t. What are the prime factors of s?
3
Let h(k) = -k - 2. Let s(v) = 1. Let j(r) = -3*h(r) - 2*s(r). What are the prime factors of j(3)?
13
Suppose -b = 3*v - 155, -2*b + v = -b - 139. What are the prime factors of b?
11, 13
Suppose 4*l = -5*s + 190, 0*l + 106 = 3*s + 4*l. List the prime factors of s.
2, 3, 7
Let a = 72 + -29. What are the prime factors of a?
43
Suppose 2*w + z = -0*w + 13, 0 = 3*w - 3*z - 6. Suppose -2*m = -x - 75, m - 3*x - 35 = -w*x. List the prime factors of m.
37
Let u(a) = a**3 + 6*a**2 + a + 8. Let i be u(-6). Let j be 7/3 - 3/9. Suppose 36 = 4*f + i*g, -g + j - 16 = -2*f. List the prime factors of f.
2
Let z = 16 - 5. Suppose -4*i + z = -17. List the prime factors of i.
7
Suppose 8*l - 12 = 4*l. Suppose l*h - h = 76. List the prime factors of h.
2, 19
Let s be ((-136)/12)/((-6)/(-9)). Let w = 14 - s. What are the prime factors of w?
31
Let i(y) = -y**3 + 15. What are the prime factors of i(0)?
3, 5
Let j be 34/6 - (-8)/(-12). Suppose j*r - 28 = -68. Let l = r + 13. What are the prime factors of l?
5
Let q = 406 - 204. What are the prime factors of q?
2, 101
Suppose 4*g + 5 = 5*g. Suppose -h + 2 = g. What are the prime factors of h/1 + (8 - -2)?
7
Let k(l) = l**2 - 9*l - 7. List the prime factors of k(10).
3
Suppose 0 = -3*x + 2 + 4. Suppose -x*o - 1 = -7. What are the prime factors of o?
3
Let s(o) = -o**2 + 5*o - 3. Let i be s(3). Suppose -4*y = -i*y - 18. List the prime factors of y.
2, 3
Let d(h) = 7*h**2 - h - 2. List the prime factors of d(3).
2, 29
Let k = 78 + -36. Let p = k + -21. What are the prime factors of 56/21*p/4?
2, 7
Suppose 0 = 3*s - 6*s. Suppose 4*m - 71 + 27 = s. What are the prime factors of m?
11
Let i(d) = 7*d**2. Suppose -3*u - 10 = j, -5*j - 4 = u + 18. Let s be j/(-24) - (-15)/18. List the prime factors of i(s).
7
Let l(a) = -38*a + 3. What are the prime factors of l(-4)?
5, 31
Let t be 2*(-2)/(4/(-37)). Suppose t = 3*g - 17. Suppose -2*i + g + 26 = 0. List the prime factors of i.
2, 11
Let j = 6 + -6. Let v(f) = -f**2 + f. Let b be v(j). What are the prime factors of 21 + b + 0/(-2)?
3, 7
Let y(j) = j**2 + 11*j. Let o be y(-10). Let m = -112 + 32. What are the prime factors of o/(-35) + m/(-14)?
2, 3
Let s(b) = 3*b**3 - 3*b**2 + 2*b. Let a be s(2). Suppose a = 5*o - o. What are the prime factors of o?
2
List the prime factors of ((-44)/(-10))/((-14)/(-35)).
11
Suppose -m + 5*a + 21 + 21 = 0, 2*a = -6. List the prime factors of m.
3
Let u = -2 - -5. Suppose 0 = 3*f + 3*n - 15, -3*n + 3 = -3*f - 0*n. Suppose -u*c + f = -7. List the prime factors of c.
3
Let k(o) = -4*o**2 + 2*o - 6 - 2*o**2 + 2*o + 7*o**2. What are the prime factors of k(4)?
2, 13
Let b(u) = u**2 - 7*u**2 + 4*u**2 - 10*u**2 - u**3 - 12*u. What are the prime factors of b(-11)?
11
Let i be 9/12 - (-2)/8. Let d be 2/(-2)*i - -4. Let g = 6 - d. What are the prime factors of g?
3
Suppose -5*g + 32 - 7 = 0. Suppose 7 = m + 4*q, q - 8 = -m + g. List the prime factors of m.
3, 5
Let r(b) = -b**3 + 6*b**2 + 3*b - 1. What are the prime factors of r(6)?
17
Let c = -15 - -23. What are the prime factors of (-105)/(-14)*c/6?
2, 5
Let m be 0 + 2 - 96/1. Let n be 4/(-18) + m/(-18). Suppose -6*w + w + 30 = n*o, -3*o - 14 = -w. List the prime factors of w.
2
Let x(r) = 4*r. Let p be x(3). Suppose -2*t = -3*y - 7*t + 1, 3*t + p = 0. List the prime factors of (0 - 